c) = -c**2 + 13*c + 62. What is p(17)?
-6
Let d(p) = -2*p - 191. Give d(-7).
-177
Let j(b) = -7*b**2 - 11*b + 20. Give j(-8).
-340
Let d(a) = 212*a + 8690. What is d(-41)?
-2
Let l(z) = -109*z + 109. Determine l(1).
0
Let k(h) = 8*h**3 - 6*h**2 - 6*h + 1. Calculate k(-1).
-7
Let z(x) = -21*x**2 - 50*x + 47. Give z(-3).
8
Let b(r) = -90*r**3 + r**2 - r - 7. Calculate b(2).
-725
Let t(m) = -25*m**2 - 5*m + 27. What is t(3)?
-213
Let p(u) = -8*u**3 + 28*u**2 - 13*u + 1. Calculate p(3).
-2
Let w(i) = -i**2 + 31*i - 68. Give w(22).
130
Let l(u) = u**2 + 30*u + 242. Give l(-12).
26
Let s(d) = -d**2 - 16*d + 9. Determine s(6).
-123
Let t(u) = -52*u + 1153. What is t(22)?
9
Let q(s) = 1723*s + 12061. Determine q(-7).
0
Let l(f) = -f**3 - 20*f**2 + 28*f + 120. What is l(-21)?
-27
Let w(j) = 45*j - 31. Determine w(3).
104
Let w(s) = 5*s**2 - 5*s + 11. What is w(7)?
221
Let b(h) = h**3 - 79*h**2 - 54*h - 2083. Calculate b(80).
-3
Let l(v) = v**3 - 106*v**2 + 321*v - 1239. Give l(103).
-3
Let n(z) = -3*z**2 + 44*z - 59. What is n(12)?
37
Let b(u) = -14*u**2 + 162*u + 11. Give b(0).
11
Let p(l) = 26*l**2 + 4*l + 6. Calculate p(-2).
102
Let w(r) = r**3 + 20*r**2 + 26*r + 24. Give w(-17).
449
Let d(y) = -y**3 + 8*y**2 - 19*y + 28. Determine d(4).
16
Let j(h) = -14*h**3 + 187*h**2 - 65*h - 1. Determine j(13).
-1
Let l(u) = 3*u**2 + 201*u - 855. Give l(-71).
-3
Let g(p) = 738*p + 2125. What is g(-3)?
-89
Let b(z) = -2*z**3 + 7*z**2 - 2*z - 11. What is b(8)?
-603
Let y(o) = 267*o - 129. Determine y(3).
672
Let k(r) = -21*r - 297. Determine k(-14).
-3
Let g(p) = -11*p**2 - 6*p - 7. Give g(2).
-63
Let u(x) = -x**2 - 81*x - 1065. What is u(-34)?
533
Let y(q) = q**2 - 44*q - 116. Give y(16).
-564
Let b(a) = -a**2 - 48*a + 2681. What is b(33)?
8
Let l(j) = -j**2 - 662*j - 28350. Determine l(-46).
-14
Let o(h) = 3*h**2 + 29*h + 38. Calculate o(-9).
20
Let l(n) = 5*n**3 - 143*n**2 + 558*n - 155. Calculate l(24).
-11
Let n(s) = s**3 + 21*s**2 - 48*s + 119. What is n(-23)?
165
Let j(h) = 53*h + 15. Calculate j(4).
227
Let x(z) = 156*z**2 + 8*z - 2. Calculate x(-1).
146
Let s(k) = 2*k**3 + 3*k**2 + 208*k + 651. Give s(-3).
0
Let x(b) = -95*b + 579. What is x(6)?
9
Let c(v) = -v**2 + 90*v + 462. What is c(94)?
86
Let f(y) = 3*y**2 - 55*y + 42. Give f(19).
80
Let k(w) = -w**3 + 5*w**2 - 34*w + 183. Give k(5).
13
Let u(t) = -18*t**2 + 903*t - 113. Give u(50).
37
Let f(s) = 3*s**2 - 22*s - 653. Determine f(18).
-77
Let r(f) = -f**2 + 58*f - 632. Calculate r(30).
208
Let i(v) = -12*v - 685. What is i(-64)?
83
Let x(s) = -3*s**3 - 149*s**2 - 785*s + 24. Calculate x(-6).
18
Let f(y) = -7*y**3 + 33*y**2 + 21*y - 54. Give f(5).
1
Let f(w) = -2*w**2 + 33*w - 102. Calculate f(13).
-11
Let a(q) = -68*q - 3876. Give a(-57).
0
Let m(a) = 2*a**3 + 56*a**2 + 386*a - 81. Calculate m(-14).
3
Let w(g) = 355*g - 3508. Determine w(10).
42
Let p(w) = -17*w + 2396. Determine p(141).
-1
Let x(y) = 6*y**3 + 59*y**2 - 15*y - 64. Calculate x(-10).
-14
Let s(o) = o**3 + o**2 + 107*o - 701. Determine s(6).
193
Let b(j) = -j**3 - 20*j**2 + 369*j + 6345. Give b(-14).
3
Let d(s) = s**3 - 5*s**2 - 16*s + 175. What is d(0)?
175
Let j(q) = -5*q**3 + 5*q**2 + 26*q - 47. Give j(2).
-15
Let y(x) = 125*x + 4661. What is y(-37)?
36
Let w(g) = g**3 + 31*g**2 + 37*g + 204. Calculate w(-30).
-6
Let x(m) = -28*m + 1509. Calculate x(56).
-59
Let o(j) = 200*j + 1765. What is o(-9)?
-35
Let h(k) = 139*k - 188. Calculate h(4).
368
Let m(a) = a**3 + 66*a**2 + 685*a - 207. Give m(-53).
5
Let z(k) = 1088*k + 16299. Determine z(-15).
-21
Let s(z) = 63*z - 878. Calculate s(14).
4
Let g(x) = 2514*x - 7541. Calculate g(3).
1
Let p(y) = 106*y - 3995. Determine p(38).
33
Let k(w) = -24*w**2 + 52*w - 3. Calculate k(1).
25
Let c(d) = d**2 - 29*d + 92. Calculate c(26).
14
Let q(x) = 2*x**2 - 3*x - 324. Calculate q(-12).
0
Let k(p) = 14*p - 614. Give k(43).
-12
Let b(h) = 131*h**2 - 24*h - 3. Give b(1).
104
Let n(f) = 11*f - 223. Give n(22).
19
Let p(w) = -2*w**3 - 8*w**2 + 30*w + 94. Calculate p(-5).
-6
Let i(s) = 1520*s + 36482. Determine i(-24).
2
Let f(j) = -2*j**2 + 285*j + 574. What is f(-2)?
-4
Let t(q) = 83*q - 1555. Calculate t(19).
22
Let b(u) = -u**2 + 138*u - 1431. Determine b(126).
81
Let r(u) = u**3 - 32*u**2 + 232*u - 12. Give r(21).
9
Let n(w) = 73*w**2 - 10*w + 7. Determine n(1).
70
Let g(h) = -48*h - 239. Give g(-5).
1
Let d(q) = -5*q - 249. Give d(5).
-274
Let j(h) = -h**3 + 49*h**2 + 102*h + 5. What is j(51)?
5
Let q(w) = w**3 + 11*w**2 + 10*w - 10. Calculate q(-9).
62
Let j(o) = -52*o**3 + 520*o**2 + 8*o - 8. Determine j(10).
72
Let v(d) = 4*d - 16. Determine v(-8).
-48
Let l(v) = 2*v**3 - 43*v**2 - 21*v - 18. Determine l(22).
4
Let o(v) = -v**2 + 13*v - 33. What is o(4)?
3
Let d(t) = 110*t + 2992. Determine d(-28).
-88
Let v(z) = z**3 - 20*z**2 - 45*z + 33. Determine v(22).
11
Let u(h) = -303*h + 3054. Calculate u(10).
24
Let h(k) = -k**3 + 51*k**2 - 94*k - 207. Determine h(49).
-11
Let n(x) = -x**3 + 10*x**2 + 192*x + 151. Calculate n(20).
-9
Let k(m) = 107*m - 9311. Calculate k(87).
-2
Let u(m) = -m**2 + 23*m + 189. Give u(30).
-21
Let v(b) = 320*b**3 + 4*b**2 - 6*b. Calculate v(1).
318
Let d(p) = -p**3 - p**2 + 14*p - 17. Determine d(-8).
319
Let g(i) = i**3 + 7*i**2 - 39*i - 223. What is g(-8)?
25
Let i(x) = 54*x + 109. Determine i(-7).
-269
Let h(o) = 9*o**2 - 114*o + 20. What is h(12)?
-52
Let t(y) = 2*y**3 - 70*y**2 - 67*y - 65. Give t(36).
115
Let g(k) = -k**2 + 10*k + 211. Calculate g(21).
-20
Let m(g) = 88*g**2 + 794*g + 13. What is m(-9)?
-5
Let o(w) = 12343*w + 259200. Give o(-21).
-3
Let c(k) = -66*k**3 + k**2 + 4*k + 9. Determine c(-2).
533
Let j(k) = -3*k**2 + 180*k - 360. Give j(58).
-12
Let m(w) = w**3 + 150*w**2 - 2295*w - 17. What is m(14)?
-3
Let g(s) = -s**3 - 29*s**2 - 70*s + 205. Determine g(-26).
-3
Let z(k) = -8*k**2 + 15*k - 14. Calculate z(1).
-7
Let p(j) = j**3 - 10*j**2 - 10*j + 135. Calculate p(6).
-69
Let i(m) = 45*m + 11. Determine i(2).
101
Let z(w) = -6*w**3 - 42*w**2 - 17*w - 122. Calculate z(-7).
-3
Let h(l) = -3*l**2 - 74*l - 277. Give h(-5).
18
Let g(u) = -595*u + 3049. Determine g(5).
74
Let h(b) = b**2 - 12*b - 23. Give h(13).
-10
Let g(f) = -5*f**3 + 3*f**2 + 5*f + 8. Determine g(-3).
155
Let l(v) = -v**3 - 20*v**2 + 39*v - 102. Calculate l(-22).
8
Let s(t) = -3*t - 77. What is s(-13)?
-38
Let r(h) = -4*h**2 - 9*h + 27. What is r(4)?
-73
Let u(b) = b**2 + 46*b + 146. Calculate u(-42).
-22
Let g(d) = -183*d - 6794. Calculate g(-37).
-23
Let d(n) = n**2 + 63*n + 666. Calculate d(-50).
16
Let s(o) = -349*o + 17459. What is s(50)?
9
Let v(p) = -56723*p - 113437. Give v(-2).
9
Let c(a) = 2*a**2 + 60*a + 146. What is c(-23)?
-176
Let t(r) = -6*r**2 - 425*r + 68. Calculate t(-71).
-3
Let k(v) = -v**3 + 4*v**2 + 14*v - 35. What is k(6)?
-23
Let m(u) = -858*u - 123559. Determine m(-144).
-7
Let r(t) = t**3 + 22*t**2 - 513*t - 326. Determine r(-36).
-2
Let g(q) = q**3 - 45*q**2 + 34*q + 425. Give g(44).
-15
Let d(s) = -s**3 + 11*s**2 + 14*s + 160. Give d(13).
4
Let w(r) = r**3 - 280*r**2 - 867*r + 5093. Calculate w(283).
-1
Let o(l) = -3*l**2 + 84*l + 667. Calculate o(35).
-68
Let m(b) = -135*b + 71. Give m(1).
-64
Let y(q) = -28*q + 11. Calculate y(-3).
95
Let t(y) = -66*y + 1330. Determine t(21).
-56
Let k(d) = d**3 + 17*d**2 + 10*d + 56. Give k(-16).
152
Let c(x) = 36*x + 263. Give c(-7).
11
Let j(t) = 23*t**2 - 691*t + 45. Calculate j(30).
15
Let g(t) = -13*t**3 + 3*t**2 - 14*t - 17. What is g(-3)?
403
Let u(x) = 163*x - 770. What is u(5)?
45
Let z(t) = -t**3 + 16*t**2 - 29*t + 31. Determine z(14).
17
Let j(g) = -1420*g - 5660. Give j(-4).
20
Let a(y) = -y**3 + 32*y**2 - 159*y + 26. What is a(26)?
-52
Let c(a) = 2*a**3 + 7*a**2 - a - 2. Determine c(-4).
-14
Let m(a) = a**3 + 84*a**2 - 108*a - 1960. Give m(-85).
-5
Let g(h) = 15*h**3 + 10*h**2 - 13*h - 6. Calculate g(2).
128
Let p(s) = s**3 - 19*s**2 + 98*s - 124. What is p(6)?
-4
Let j(i) = 51*i - 28. What is j(1)?
23
Let a(n) = -n**3 - n**2 - 20. Calculate a(0).
-20
Let z(n) = 311*n**3 + 8*n**2 + n - 9. Calculate z(1).
311
Let j(z) = 305*z - 768. Calculate j(3).
147
Let k(t) = -19*t**2 + 532*t - 43. Give k(28).
-43
Let l(z) = -2*z**3 + 120*z**2 + 643*z + 449. Determine l(65).
-6
Let j(l) = -15*l**2 - 8*l + 109. What is